{"id":3947,"date":"2024-05-18T13:44:10","date_gmt":"2024-05-18T17:44:10","guid":{"rendered":"https:\/\/koza-yoga.com\/?page_id=3947"},"modified":"2026-03-16T19:15:05","modified_gmt":"2026-03-16T23:15:05","slug":"massages","status":"publish","type":"page","link":"https:\/\/koza-yoga.com\/index.php\/fr\/lesexperiences\/massages\/","title":{"rendered":"Massages"},"content":{"rendered":"\n<div class=\"wp-block-cover has-background-dim-40 has-black-background-color has-background-dim\"><img loading=\"lazy\" width=\"2560\" height=\"1707\" class=\"wp-block-cover__image-background wp-image-4310\" alt=\"\" src=\"https:\/\/koza-yoga.com\/wp-content\/uploads\/2025\/01\/zenthai-shiatsu-koza-yoga-scaled.jpg\" style=\"object-position:50% 42%\" data-object-fit=\"cover\" data-object-position=\"50% 42%\" srcset=\"https:\/\/koza-yoga.com\/wp-content\/uploads\/2025\/01\/zenthai-shiatsu-koza-yoga-scaled.jpg 2560w, https:\/\/koza-yoga.com\/wp-content\/uploads\/2025\/01\/zenthai-shiatsu-koza-yoga-300x200.jpg 300w, https:\/\/koza-yoga.com\/wp-content\/uploads\/2025\/01\/zenthai-shiatsu-koza-yoga-1024x683.jpg 1024w, https:\/\/koza-yoga.com\/wp-content\/uploads\/2025\/01\/zenthai-shiatsu-koza-yoga-768x512.jpg 768w, https:\/\/koza-yoga.com\/wp-content\/uploads\/2025\/01\/zenthai-shiatsu-koza-yoga-1536x1024.jpg 1536w, https:\/\/koza-yoga.com\/wp-content\/uploads\/2025\/01\/zenthai-shiatsu-koza-yoga-2048x1365.jpg 2048w\" sizes=\"(max-width: 2560px) 100vw, 2560px\" \/><div class=\"wp-block-cover__inner-container\">\n<h3 class=\"has-text-align-center\">Massage ZENTHA\u00cf SHIATSU<\/h3>\n\n\n\n<p class=\"has-text-align-center\">Apporter la libert\u00e9 de mouvement aux corps physique, physiologique, \u00e9nerg\u00e9tique &amp; psycho-\u00e9motionnel<\/p>\n<\/div><\/div>\n\n\n\n<div style=\"height:50px\" aria-hidden=\"true\" class=\"wp-block-spacer\"><\/div>\n\n\n\n<hr class=\"wp-block-separator has-text-color has-background has-cyan-bluish-gray-background-color has-cyan-bluish-gray-color is-style-dots\"\/>\n\n\n\n<div style=\"height:30px\" aria-hidden=\"true\" class=\"wp-block-spacer\"><\/div>\n\n\n\n<h4>Le massage ZENTHA\u00cf SHIATSU<\/h4>\n\n\n\n<div style=\"height:20px\" aria-hidden=\"true\" class=\"wp-block-spacer\"><\/div>\n\n\n\n<div class=\"wp-block-columns\">\n<div class=\"wp-block-column\">\n<h5>Qu&rsquo;est-ce-que le massage Zentha\u00ef Shiatsu ?<\/h5>\n\n\n\n<p>Apparent\u00e9 au massage yoga Tha\u00ef, le massage Zentha\u00ef Shiatsu est une harmonieuse mise en mouvement du corps \u00e0 travers des <strong>postures de yoga<\/strong>, des <strong>points d\u2019acupression<\/strong> et des <strong>techniques ost\u00e9opathiques<\/strong>. Cette technique de massage compl\u00e8te combine <strong>\u00e9tirements, mobilit\u00e9 <\/strong>et<strong> acupression<\/strong>.<\/p>\n\n\n\n<p>Vous b\u00e9n\u00e9ficierez d&rsquo;un soin bas\u00e9 sur le mouvement passif pour traiter les probl\u00e8mes des syst\u00e8mes musculo-squelettiques, digestifs et nerveux. <\/p>\n\n\n\n<p>Le massage Zentha\u00ef Shiatsu vous permettra de cultiver votre pr\u00e9sence int\u00e9rieure ainsi qu&rsquo;un \u00e9tat de l\u00e2cher-prise.<\/p>\n<\/div>\n\n\n\n<div class=\"wp-block-column\">\n<h5>Les bienfaits d&rsquo;une s\u00e9ance<\/h5>\n\n\n\n<p>Cette th\u00e9rapie bas\u00e9e sur le mouvement vise \u00e0 ramener l&rsquo;\u00e9quilibre dans le corps et \u00e0 r\u00e9tablir la circulation de l&rsquo;\u00e9nergie vitale dans les zones o\u00f9 elle est soit en manque, soit en exc\u00e8s soit en stagnation. <\/p>\n\n\n\n<p>Elle cible :<\/p>\n\n\n\n<ul><li>les douleurs localis\u00e9es au cou, aux lombaires, \u00e0 la nuque et aux \u00e9paules<\/li><li>les tensions et les blocages<\/li><li>les troubles digestifs<\/li><li>les probl\u00e8mes de mobilit\u00e9 articulaire<\/li><li>les \u00e9tats de fatigue, d&rsquo;\u00e9puisement<\/li><li>le stress, l&rsquo;anxi\u00e9t\u00e9<\/li><li>la perte g\u00e9n\u00e9rale du sentiment de bien-\u00eatre<\/li><\/ul>\n\n\n\n<p>\u00c0 l&rsquo;issu d&rsquo;une s\u00e9ance de massage Zentha\u00ef Shiatsu, vous ressentirez un regain d&rsquo;\u00e9nergie, de fluidit\u00e9 et de l\u00e9g\u00e8ret\u00e9.<\/p>\n<\/div>\n\n\n\n<div class=\"wp-block-column\">\n<h5>Comment se d\u00e9roule une s\u00e9ance ?<\/h5>\n\n\n\n<p>Chaque s\u00e9ance est individuelle et dure 60 ou 90 minutes.<\/p>\n\n\n\n<p>Vous serez confortablement allong\u00e9.e au sol sur un futon, enti\u00e8rement habill\u00e9.e et aucune huile ne sera appliqu\u00e9e.<\/p>\n\n\n\n<p>Vous n&rsquo;aurez rien besoin de faire si ce n&rsquo;est que de rel\u00e2cher votre corps en profondeur et de vous laisser guid\u00e9.e.<\/p>\n\n\n\n<p>Le massage s&rsquo;apparente \u00e0 une danse entre la masseuse et la personne mass\u00e9e au sein d&rsquo;un environnement de gu\u00e9rison et bienveillant.<\/p>\n\n\n\n<p>Les s\u00e9ances se d\u00e9roulent \u00e0 Koza Yoga Studio \u00e0 Cap Macr\u00e9, un lieu propice au bien-\u00eatre, au calme et au retour \u00e0 soi.<\/p>\n<\/div>\n<\/div>\n\n\n\n<h5>Prendre rendez-vous<\/h5>\n\n\n\n<ul><li>Les <strong>r\u00e9servations<\/strong> sont obligatoires et s&rsquo;effectuent au plus tard 48 heures avant notre rendez-vous par email \u00e0 info@koza-yoga.com<\/li><li>Les <strong>tarifs<\/strong> sont les suivants : 90\u20ac pour 60 minutes et 120\u20ac pour 90 minutes.<\/li><li>Le <strong>paiement<\/strong> est obligatoire et s&rsquo;effectue au plus t<meta charset=\"utf-8\">ard 24 heures avant notre rendez-vous par virement bancaire.<\/li><li>Les <strong>annulations<\/strong> de r\u00e9servation ne sont pas rembours\u00e9es.<\/li><li>Vous n&rsquo;avez besoin d&rsquo;<strong>aucun mat\u00e9riel<\/strong>.<\/li><\/ul>\n\n\n\n<div style=\"height:30px\" aria-hidden=\"true\" class=\"wp-block-spacer\"><\/div>\n\n\n\n<p>N&rsquo;h\u00e9sitez pas \u00e0 contacter Floriann de Koza Yoga pour toute question \u00e0 info@koza-yoga.com<\/p>\n","protected":false},"excerpt":{"rendered":"<p>Le massage ZENTHA\u00cf SHIATSU Qu&rsquo;est-ce-que le massage Zentha\u00ef Shiatsu ? Apparent\u00e9 au massage yoga Tha\u00ef, le massage Zentha\u00ef Shiatsu est une harmonieuse mise en mouvement du corps \u00e0 travers des postures de yoga, des points d\u2019acupression et des techniques ost\u00e9opathiques. Cette technique de massage compl\u00e8te combine \u00e9tirements, mobilit\u00e9 et acupression. Vous b\u00e9n\u00e9ficierez d&rsquo;un soin bas\u00e9<\/p>\n<div><a class=\"btn-filled btn\" href=\"https:\/\/koza-yoga.com\/index.php\/fr\/lesexperiences\/massages\/\" title=\"Massages\">Lire la suite<\/a><\/div>\n","protected":false},"author":1,"featured_media":0,"parent":2307,"menu_order":1,"comment_status":"closed","ping_status":"closed","template":"page-templates\/full-width.php","meta":[],"_links":{"self":[{"href":"https:\/\/koza-yoga.com\/index.php\/wp-json\/wp\/v2\/pages\/3947"}],"collection":[{"href":"https:\/\/koza-yoga.com\/index.php\/wp-json\/wp\/v2\/pages"}],"about":[{"href":"https:\/\/koza-yoga.com\/index.php\/wp-json\/wp\/v2\/types\/page"}],"author":[{"embeddable":true,"href":"https:\/\/koza-yoga.com\/index.php\/wp-json\/wp\/v2\/users\/1"}],"replies":[{"embeddable":true,"href":"https:\/\/koza-yoga.com\/index.php\/wp-json\/wp\/v2\/comments?post=3947"}],"version-history":[{"count":67,"href":"https:\/\/koza-yoga.com\/index.php\/wp-json\/wp\/v2\/pages\/3947\/revisions"}],"predecessor-version":[{"id":4416,"href":"https:\/\/koza-yoga.com\/index.php\/wp-json\/wp\/v2\/pages\/3947\/revisions\/4416"}],"up":[{"embeddable":true,"href":"https:\/\/koza-yoga.com\/index.php\/wp-json\/wp\/v2\/pages\/2307"}],"wp:attachment":[{"href":"https:\/\/koza-yoga.com\/index.php\/wp-json\/wp\/v2\/media?parent=3947"}],"curies":[{"name":"wp","href":"https:\/\/api.w.org\/{rel}","templated":true}]}}