{"id":2561,"date":"2021-09-08T09:32:54","date_gmt":"2021-09-08T13:32:54","guid":{"rendered":"http:\/\/koza-yoga.com\/?page_id=2561"},"modified":"2026-03-16T19:10:53","modified_gmt":"2026-03-16T23:10:53","slug":"bain-sonore-2","status":"publish","type":"page","link":"https:\/\/koza-yoga.com\/index.php\/fr\/lesexperiences\/bain-sonore-2\/","title":{"rendered":"Bain sonore"},"content":{"rendered":"\n<div class=\"wp-block-cover has-background-dim\"><img loading=\"lazy\" width=\"1920\" height=\"2560\" class=\"wp-block-cover__image-background wp-image-3757\" alt=\"\" src=\"https:\/\/koza-yoga.com\/wp-content\/uploads\/2024\/05\/IMG_4488-scaled.jpg\" style=\"object-position:52% 46%\" data-object-fit=\"cover\" data-object-position=\"52% 46%\" srcset=\"https:\/\/koza-yoga.com\/wp-content\/uploads\/2024\/05\/IMG_4488-scaled.jpg 1920w, https:\/\/koza-yoga.com\/wp-content\/uploads\/2024\/05\/IMG_4488-225x300.jpg 225w, https:\/\/koza-yoga.com\/wp-content\/uploads\/2024\/05\/IMG_4488-768x1024.jpg 768w, https:\/\/koza-yoga.com\/wp-content\/uploads\/2024\/05\/IMG_4488-1152x1536.jpg 1152w, https:\/\/koza-yoga.com\/wp-content\/uploads\/2024\/05\/IMG_4488-1536x2048.jpg 1536w\" sizes=\"(max-width: 1920px) 100vw, 1920px\" \/><div class=\"wp-block-cover__inner-container\">\n<p class=\"has-text-align-center has-large-font-size\">Bain sonore<\/p>\n\n\n\n<p class=\"has-text-align-center\">Harmoniser et aligner son \u00eatre \u00e0 travers les vibrations sonores<\/p>\n<\/div><\/div>\n\n\n\n<div style=\"height:50px\" aria-hidden=\"true\" class=\"wp-block-spacer\"><\/div>\n\n\n\n<hr class=\"wp-block-separator has-text-color has-background has-pale-cyan-blue-background-color has-pale-cyan-blue-color is-style-dots\"\/>\n\n\n\n<div style=\"height:30px\" aria-hidden=\"true\" class=\"wp-block-spacer\"><\/div>\n\n\n\n<div class=\"wp-block-columns\">\n<div class=\"wp-block-column\">\n<h5>Qu&rsquo;est-ce-qu&rsquo;un bain sonore ?<\/h5>\n\n\n\n<p><meta charset=\"utf-8\">Le bain sonore est une exp\u00e9rience de relaxation utilisant les vibrations sonores de la voix et de diff\u00e9rents instruments de musique intuitifs pour vous emmener dans un \u00e9tat de d\u00e9tente profonde. <\/p>\n\n\n\n<p><meta charset=\"utf-8\">Utilisant le principe de r\u00e9sonance, les vibrations vont cibler les tensions du corps et les d\u00e9nouer en agissant sur le corps \u00e0 tous ses niveaux : physique, physiologique, mental, \u00e9motionnel et \u00e9nerg\u00e9tique.<\/p>\n\n\n\n<p>Ce soin comprend toutes les m\u00e9thodes douces suivantes : sonoth\u00e9rapie, olfactoth\u00e9rapie, relaxation musculaire guid\u00e9e, technique de respiration, yoga nidra et m\u00e9ditation. <\/p>\n<\/div>\n\n\n\n<div class=\"wp-block-column\">\n<h5><meta charset=\"utf-8\"><meta charset=\"utf-8\">Les bienfaits d&rsquo;une s\u00e9ance de relaxation sonore<\/h5>\n\n\n\n<p>Cette exp\u00e9rience de relaxation profonde vous emm\u00e8nera naturellement dans un \u00e9tat de conscience modifi\u00e9, proche du sommeil. <\/p>\n\n\n\n<p>Cet \u00e9tat m\u00e9ditatif permettra \u00e0 votre \u00eatre de :<\/p>\n\n\n\n<ul><li>se r\u00e9g\u00e9n\u00e9rer en profondeur gr\u00e2ce \u00e0 un nettoyage \u00e9nerg\u00e9tique<\/li><li>lib\u00e9rer les tensions<\/li><li>d&rsquo;\u00e9vacuer le stress<\/li><li>de favoriser une relaxation profonde<\/li><li>d&rsquo;apaiser le mental<\/li><li>de soulager les douleurs<\/li><li>d&rsquo;am\u00e9liorer le sommeil<\/li><li>de r\u00e9duire les \u00e9tats de fatigue<\/li><li>d&rsquo;augmenter la cr\u00e9ativit\u00e9, la bonne humeur et le bien-\u00eatre.<\/li><\/ul>\n<\/div>\n\n\n\n<div class=\"wp-block-column\">\n<h5>Comment se d\u00e9roule une s\u00e9ance avec Floriann ?<\/h5>\n\n\n\n<p>Confortablement allong\u00e9.e en position allong\u00e9e, vous serez guid\u00e9.es par ma voix dans une relaxation corporelle et une reconnexion \u00e0 votre respiration. <\/p>\n\n\n\n<p>Viens ensuite le voyage sonore o\u00f9 je jouerai diff\u00e9rents instruments de musique (carillons, gong, bols en cristal, b\u00e2ton de pluie, tingsha, steel tongue drum, kalimba) en me d\u00e9pla\u00e7ant tout autour de vous, sans vous toucher.<\/p>\n\n\n\n<p>En plus de la sonoth\u00e9rapie dans ce soin, j&rsquo;utilise l&rsquo;olfactoth\u00e9rapie avec la diffusion d&rsquo;huile essentielle et la fumigation de b\u00e2ton de sauge et de palo santo pour instaurer une d\u00e9tente encore plus profonde dans votre \u00eatre.<\/p>\n\n\n\n<p>\u00c0 la fin du voyage sonore, je vous ram\u00e8ne \u00e0 la conscience de votre corps et vous laisse le temps dont vous aurez besoin pour rester et appr\u00e9cier votre silence int\u00e9rieur.<\/p>\n<\/div>\n<\/div>\n\n\n\n<h5>R\u00e9server un bain sonore priv\u00e9<\/h5>\n\n\n\n<p><meta charset=\"utf-8\">Pour r\u00e9server un bain sonore priv\u00e9, seul.e ou en groupe, contactez Floriann de Koza Yoga \u00e0 info@koza-yoga.com<\/p>\n\n\n\n<div style=\"height:20px\" aria-hidden=\"true\" class=\"wp-block-spacer\"><\/div>\n\n\n\n<div style=\"height:30px\" aria-hidden=\"true\" class=\"wp-block-spacer\"><\/div>\n","protected":false},"excerpt":{"rendered":"<p>Qu&rsquo;est-ce-qu&rsquo;un bain sonore ? Le bain sonore est une exp\u00e9rience de relaxation utilisant les vibrations sonores de la voix et de diff\u00e9rents instruments de musique intuitifs pour vous emmener dans un \u00e9tat de d\u00e9tente profonde. Utilisant le principe de r\u00e9sonance, les vibrations vont cibler les tensions du corps et les d\u00e9nouer en agissant sur le<\/p>\n<div><a class=\"btn-filled btn\" href=\"https:\/\/koza-yoga.com\/index.php\/fr\/lesexperiences\/bain-sonore-2\/\" title=\"Bain sonore\">Lire la suite<\/a><\/div>\n","protected":false},"author":1,"featured_media":0,"parent":2307,"menu_order":2,"comment_status":"closed","ping_status":"closed","template":"page-templates\/full-width.php","meta":[],"_links":{"self":[{"href":"https:\/\/koza-yoga.com\/index.php\/wp-json\/wp\/v2\/pages\/2561"}],"collection":[{"href":"https:\/\/koza-yoga.com\/index.php\/wp-json\/wp\/v2\/pages"}],"about":[{"href":"https:\/\/koza-yoga.com\/index.php\/wp-json\/wp\/v2\/types\/page"}],"author":[{"embeddable":true,"href":"https:\/\/koza-yoga.com\/index.php\/wp-json\/wp\/v2\/users\/1"}],"replies":[{"embeddable":true,"href":"https:\/\/koza-yoga.com\/index.php\/wp-json\/wp\/v2\/comments?post=2561"}],"version-history":[{"count":62,"href":"https:\/\/koza-yoga.com\/index.php\/wp-json\/wp\/v2\/pages\/2561\/revisions"}],"predecessor-version":[{"id":4413,"href":"https:\/\/koza-yoga.com\/index.php\/wp-json\/wp\/v2\/pages\/2561\/revisions\/4413"}],"up":[{"embeddable":true,"href":"https:\/\/koza-yoga.com\/index.php\/wp-json\/wp\/v2\/pages\/2307"}],"wp:attachment":[{"href":"https:\/\/koza-yoga.com\/index.php\/wp-json\/wp\/v2\/media?parent=2561"}],"curies":[{"name":"wp","href":"https:\/\/api.w.org\/{rel}","templated":true}]}}